the remainder when 13441 is divided by 39?
25
Calculate the remainder when 21738 is divided by 219.
57
Calculate the remainder when 1714264 is divided by 577.
574
Calculate the remainder when 8868 is divided by 4433.
2
What is the remainder when 82 is divided by 67?
15
Calculate the remainder when 521815 is divided by 446.
441
Calculate the remainder when 789781 is divided by 94.
87
Calculate the remainder when 21589 is divided by 85.
84
Calculate the remainder when 2625 is divided by 57.
3
Calculate the remainder when 29338 is divided by 144.
106
What is the remainder when 2309 is divided by 452?
49
What is the remainder when 74477 is divided by 211?
205
Calculate the remainder when 2711 is divided by 1310.
91
Calculate the remainder when 6882 is divided by 186.
0
What is the remainder when 33417 is divided by 1670?
17
What is the remainder when 1523 is divided by 655?
213
Calculate the remainder when 2294 is divided by 45.
44
What is the remainder when 159383 is divided by 12?
11
What is the remainder when 9918 is divided by 55?
18
Calculate the remainder when 247343 is divided by 247330.
13
What is the remainder when 2931966 is divided by 52?
50
Calculate the remainder when 37487 is divided by 66.
65
Calculate the remainder when 61899 is divided by 10.
9
What is the remainder when 701 is divided by 22?
19
Calculate the remainder when 56135 is divided by 140.
135
Calculate the remainder when 2202 is divided by 848.
506
What is the remainder when 11306 is divided by 470?
26
What is the remainder when 6827 is divided by 112?
107
Calculate the remainder when 912735 is divided by 16.
15
What is the remainder when 17250 is divided by 8621?
8
Calculate the remainder when 591144 is divided by 57.
54
What is the remainder when 1696 is divided by 245?
226
Calculate the remainder when 67352 is divided by 471.
470
Calculate the remainder when 6393 is divided by 1529.
277
Calculate the remainder when 3190 is divided by 903.
481
What is the remainder when 16860 is divided by 272?
268
What is the remainder when 5188 is divided by 1296?
4
What is the remainder when 117516 is divided by 14687?
20
What is the remainder when 11363 is divided by 350?
163
Calculate the remainder when 7776 is divided by 132.
120
Calculate the remainder when 449124 is divided by 224559.
6
What is the remainder when 1515707 is divided by 378925?
7
Calculate the remainder when 3111 is divided by 85.
51
Calculate the remainder when 4615 is divided by 377.
91
What is the remainder when 733 is divided by 243?
4
What is the remainder when 499985 is divided by 5263?
0
Calculate the remainder when 1630 is divided by 480.
190
Calculate the remainder when 13577 is divided by 219.
218
Calculate the remainder when 9053 is divided by 171.
161
Calculate the remainder when 2472 is divided by 108.
96
What is the remainder when 21839 is divided by 752?
31
What is the remainder when 2214498 is divided by 412?
410
Calculate the remainder when 2444 is divided by 254.
158
Calculate the remainder when 84833 is divided by 28275.
8
What is the remainder when 3069 is divided by 99?
0
Calculate the remainder when 245576 is divided by 30697.
0
Calculate the remainder when 19790 is divided by 200.
190
Calculate the remainder when 27904 is divided by 1211.
51
Calculate the remainder when 40787 is divided by 12.
11
Calculate the remainder when 6638 is divided by 735.
23
Calculate the remainder when 256 is divided by 107.
42
Calculate the remainder when 11265 is divided by 93.
12
What is the remainder when 16893 is divided by 134?
9
What is the remainder when 281733 is divided by 67?
65
Calculate the remainder when 155138 is divided by 51.
47
Calculate the remainder when 23498 is divided by 2339.
108
Calculate the remainder when 128446 is divided by 54.
34
What is the remainder when 50063 is divided by 147?
83
Calculate the remainder when 7822 is divided by 519.
37
Calculate the remainder when 14579 is divided by 12.
11
What is the remainder when 4406 is divided by 882?
878
What is the remainder when 480320 is divided by 12?
8
What is the remainder when 82049 is divided by 6?
5
What is the remainder when 672 is divided by 220?
12
Calculate the remainder when 133312 is divided by 64.
0
What is the remainder when 7399 is divided by 151?
0
What is the remainder when 24525 is divided by 111?
105
What is the remainder when 3841 is divided by 1669?
503
What is the remainder when 122393 is divided by 11?
7
Calculate the remainder when 27882 is divided by 9285.
27
What is the remainder when 28437 is divided by 18?
15
What is the remainder when 11543 is divided by 1891?
197
Calculate the remainder when 129142 is divided by 2582.
42
Calculate the remainder when 73596 is divided by 2300.
2296
What is the remainder when 38409 is divided by 1177?
745
Calculate the remainder when 2661 is divided by 91.
22
What is the remainder when 5346 is divided by 2665?
16
Calculate the remainder when 186345 is divided by 189.
180
What is the remainder when 1298067 is divided by 493?
491
What is the remainder when 48378 is divided by 371?
148
What is the remainder when 11388679 is divided by 184?
183
What is the remainder when 7221 is divided by 564?
453
Calculate the remainder when 13333 is divided by 6666.
1
Calculate the remainder when 11210 is divided by 1019.
1
Calculate the remainder when 8357 is divided by 14.
13
Calculate the remainder when 6051 is divided by 436.
383
Calculate the remainder when 3420 is divided by 59.
57
Calculate the remainder when 3715 is divided by 347.
245
What is the remainder when 800 is divided by 130?
20
What is the remainder when 710 is divided by 636?
74
What is the remainder when 2653 is divided by 1979?
674
Calculate the remainder when 3149 is divided by 3138.
11
Calculate the remainder when 33250 is divided by 2764.
82
What is the remainder when 7777 is divided by 20?
17
Calculate the remainder when 10110 is divided by 26.
22
What is the remainder when 7933 is divided by 2638?
19
Calculate the remainder when 2989005 is divided by 629.
626
What is the remainder when 2065 is divided by 652?
109
Calculate the remainder when 394 is divided by 85.
54
What is the remainder when 9945 is divided by 696?
201
Calculate the remainder when 55328 is divided by 85.
78
Calculate the remainder when 4144 is divided by 1786.
572
Calculate the remainder when 10951 is divided by 5470.
11
What is the remainder when 14779 is divided by 16?
11
What is the remainder when 5963 is divided by 664?
651
Calculate the remainder when 53378 is divided by 200.
178
What is the remainder when 17820 is divided by 19?
17
Calculate the remainder when 2194 is divided by 33.
16
What is the remainder when 77311 is divided by 19327?
3
Calculate the remainder when 11357 is divided by 763.
675
Calculate the remainder when 39053 is divided by 420.
413
What is the remainder when 150806 is divided by 631?
628
Calculate the remainder when 1655095 is divided by 164.
7
Calculate the remainder when 4887 is divided by 1262.
1101
Calculate the remainder when 207785 is divided by 69258.
11
What is the remainder when 1525 is divided by 236?
109
Calculate the remainder when 5776 is divided by 1250.
776
Calculate the remainder when 988787 is divided by 14.
9
Calculate the remainder when 29281 is divided by 14633.
15
What is the remainder when 9468 is divided by 724?
56
Calculate the remainder when 109268 is divided by 670.
58
What is the remainder when 5212 is divided by 628?
188
Calculate the remainder when 7170 is divided by 7016.
154
What is the remainder when 4956 is divided by 6?
0
What is the remainder when 5973 is divided by 43?
39
What is the remainder when 35335 is divided by 176?
135
What is the remainder when 101288 is divided by 1558?
18
What is the remainder when 19083 is divided by 258?
249
What is the remainder when 7031 is divided by 228?
191
Calculate the remainder when 1316 is divided by 215.
26
Calculate the remainder when 2239 is divided by 654.
277
What is the remainder when 22037 is divided by 436?
237
Calculate the remainder when 68291 is divided by 6.
5
What is the remainder when 55979 is divided by 101?
25
Calculate the remainder when 30887 is divided by 499.
448
What is the remainder when 28198 is divided by 46?
0
Calculate 